{"id":6,"date":"2022-03-10T17:28:14","date_gmt":"2022-03-10T17:28:14","guid":{"rendered":"https:\/\/finro.ro\/site\/?page_id=6"},"modified":"2022-03-10T21:31:29","modified_gmt":"2022-03-10T19:31:29","slug":"despre-noi","status":"publish","type":"page","link":"https:\/\/finro.ro\/site\/despre-noi\/","title":{"rendered":"Despre Noi"},"content":{"rendered":"\r\n<p style=\"text-align: right;\"><a href=\"https:\/\/finro.ro\/site\/despre-noi\/\"><strong>English &gt;<\/strong><\/a><\/p>\r\n<p>FINRO SRL a fost \u00eenfiin\u021bat\u0103 la 27 iunie 1990, ca o societate mixt\u0103 rom\u00e2no-singaporean\u0103. La \u00eenceput obi\u0219nuiam s\u0103 asamblam \u0219i s\u0103 distribuim pe pia\u021ba romaneasc\u0103 computere personale \u0219i periferice.<\/p>\r\n\r\n\r\n\r\n\r\n\r\n<p>Ulterior, activitatea\u00a0 firmei noastra s-a diversificat cuprinzand si alte\u00a0 segmente din domeniul IT&amp;C &#8211; ceea ce a necesitat ob\u021binerea diferitelor certific\u0103ri \u0219i autoriza\u021bii. Astfel, in cadrul Finro SRL a fost implementat un sistem de managementul calit\u0103\u021bii (Compania noastr\u0103 este certificat\u0103 ISO 9001: 2015). Au mai fost ob\u021binute\u00a0 Licente ANCEX ( privind efectuarea de opera\u021biuni comerciale de\u00a0 produse cu dubla utilizare &#8211; Hardware &amp; Software). De asemenea, au fost luate m\u0103suri necesare de protectie\u00a0 pentru asigurarea participarea si derularii in cadrul socie.tatii noastre a unor proceduri de achizitii publice clasificate.<\/p>\r\n\r\n\r\n\r\n\r\n\r\n<p>In cazul in care doriti sa aflati detalii suplimentare referitoare la activitatea societatii noastre, va rugam sa ne contactati.<\/p>\r\n","protected":false},"excerpt":{"rendered":"<p>English &gt; FINRO SRL a fost \u00eenfiin\u021bat\u0103 la 27 iunie 1990, ca o societate mixt\u0103 rom\u00e2no-singaporean\u0103. La \u00eenceput obi\u0219nuiam s\u0103 asamblam \u0219i s\u0103 distribuim pe pia\u021ba romaneasc\u0103 computere personale \u0219i periferice. Ulterior, activitatea\u00a0 firmei noastra s-a diversificat cuprinzand si alte\u00a0 segmente din domeniul IT&amp;C &#8211; ceea ce a necesitat ob\u021binerea diferitelor certific\u0103ri \u0219i autoriza\u021bii. Astfel, &hellip; <\/p>\n<p class=\"link-more\"><a href=\"https:\/\/finro.ro\/site\/despre-noi\/\" class=\"more-link\">Continue reading<span class=\"screen-reader-text\"> &#8220;Despre Noi&#8221;<\/span><\/a><\/p>\n","protected":false},"author":1,"featured_media":7,"parent":0,"menu_order":0,"comment_status":"closed","ping_status":"closed","template":"fullwidth.php","meta":{"footnotes":""},"yoast_head":"<!-- This site is optimized with the Yoast SEO plugin v18.4.1 - https:\/\/yoast.com\/wordpress\/plugins\/seo\/ -->\n<title>Despre Noi - FINRO<\/title>\n<meta name=\"robots\" content=\"index, follow, max-snippet:-1, max-image-preview:large, max-video-preview:-1\" \/>\n<link rel=\"canonical\" href=\"https:\/\/finro.ro\/site\/despre-noi\/\" \/>\n<meta property=\"og:locale\" content=\"en_US\" \/>\n<meta property=\"og:type\" content=\"article\" \/>\n<meta property=\"og:title\" content=\"Despre Noi - FINRO\" \/>\n<meta property=\"og:description\" content=\"English &gt; FINRO SRL a fost \u00eenfiin\u021bat\u0103 la 27 iunie 1990, ca o societate mixt\u0103 rom\u00e2no-singaporean\u0103. La \u00eenceput obi\u0219nuiam s\u0103 asamblam \u0219i s\u0103 distribuim pe pia\u021ba romaneasc\u0103 computere personale \u0219i periferice. Ulterior, activitatea\u00a0 firmei noastra s-a diversificat cuprinzand si alte\u00a0 segmente din domeniul IT&amp;C &#8211; ceea ce a necesitat ob\u021binerea diferitelor certific\u0103ri \u0219i autoriza\u021bii. Astfel, &hellip; Continue reading &quot;Despre Noi&quot;\" \/>\n<meta property=\"og:url\" content=\"https:\/\/finro.ro\/site\/despre-noi\/\" \/>\n<meta property=\"og:site_name\" content=\"FINRO\" \/>\n<meta property=\"article:modified_time\" content=\"2022-03-10T19:31:29+00:00\" \/>\n<meta property=\"og:image\" content=\"https:\/\/finro.ro\/site\/wp-content\/uploads\/2022\/03\/FINRO-Featured-Image-1200x628-px.jpeg\" \/>\n\t<meta property=\"og:image:width\" content=\"1200\" \/>\n\t<meta property=\"og:image:height\" content=\"628\" \/>\n\t<meta property=\"og:image:type\" content=\"image\/jpeg\" \/>\n<meta name=\"twitter:card\" content=\"summary_large_image\" \/>\n<meta name=\"twitter:label1\" content=\"Est. reading time\" \/>\n\t<meta name=\"twitter:data1\" content=\"1 minute\" \/>\n<script type=\"application\/ld+json\" class=\"yoast-schema-graph\">{\"@context\":\"https:\/\/schema.org\",\"@graph\":[{\"@type\":\"WebSite\",\"@id\":\"https:\/\/finro.ro\/site\/#website\",\"url\":\"https:\/\/finro.ro\/site\/\",\"name\":\"FINRO\",\"description\":\"An IT&amp;C Company since 1990\",\"potentialAction\":[{\"@type\":\"SearchAction\",\"target\":{\"@type\":\"EntryPoint\",\"urlTemplate\":\"https:\/\/finro.ro\/site\/?s={search_term_string}\"},\"query-input\":\"required name=search_term_string\"}],\"inLanguage\":\"en-US\"},{\"@type\":\"ImageObject\",\"@id\":\"https:\/\/finro.ro\/site\/despre-noi\/#primaryimage\",\"inLanguage\":\"en-US\",\"url\":\"https:\/\/finro.ro\/site\/wp-content\/uploads\/2022\/03\/FINRO-Featured-Image-1200x628-px.jpeg\",\"contentUrl\":\"https:\/\/finro.ro\/site\/wp-content\/uploads\/2022\/03\/FINRO-Featured-Image-1200x628-px.jpeg\",\"width\":1200,\"height\":628},{\"@type\":\"WebPage\",\"@id\":\"https:\/\/finro.ro\/site\/despre-noi\/#webpage\",\"url\":\"https:\/\/finro.ro\/site\/despre-noi\/\",\"name\":\"Despre Noi - FINRO\",\"isPartOf\":{\"@id\":\"https:\/\/finro.ro\/site\/#website\"},\"primaryImageOfPage\":{\"@id\":\"https:\/\/finro.ro\/site\/despre-noi\/#primaryimage\"},\"datePublished\":\"2022-03-10T17:28:14+00:00\",\"dateModified\":\"2022-03-10T19:31:29+00:00\",\"breadcrumb\":{\"@id\":\"https:\/\/finro.ro\/site\/despre-noi\/#breadcrumb\"},\"inLanguage\":\"en-US\",\"potentialAction\":[{\"@type\":\"ReadAction\",\"target\":[\"https:\/\/finro.ro\/site\/despre-noi\/\"]}]},{\"@type\":\"BreadcrumbList\",\"@id\":\"https:\/\/finro.ro\/site\/despre-noi\/#breadcrumb\",\"itemListElement\":[{\"@type\":\"ListItem\",\"position\":1,\"name\":\"Home\",\"item\":\"https:\/\/finro.ro\/site\/\"},{\"@type\":\"ListItem\",\"position\":2,\"name\":\"Despre Noi\"}]}]}<\/script>\n<!-- \/ Yoast SEO plugin. -->","yoast_head_json":{"title":"Despre Noi - FINRO","robots":{"index":"index","follow":"follow","max-snippet":"max-snippet:-1","max-image-preview":"max-image-preview:large","max-video-preview":"max-video-preview:-1"},"canonical":"https:\/\/finro.ro\/site\/despre-noi\/","og_locale":"en_US","og_type":"article","og_title":"Despre Noi - FINRO","og_description":"English &gt; FINRO SRL a fost \u00eenfiin\u021bat\u0103 la 27 iunie 1990, ca o societate mixt\u0103 rom\u00e2no-singaporean\u0103. La \u00eenceput obi\u0219nuiam s\u0103 asamblam \u0219i s\u0103 distribuim pe pia\u021ba romaneasc\u0103 computere personale \u0219i periferice. Ulterior, activitatea\u00a0 firmei noastra s-a diversificat cuprinzand si alte\u00a0 segmente din domeniul IT&amp;C &#8211; ceea ce a necesitat ob\u021binerea diferitelor certific\u0103ri \u0219i autoriza\u021bii. Astfel, &hellip; Continue reading \"Despre Noi\"","og_url":"https:\/\/finro.ro\/site\/despre-noi\/","og_site_name":"FINRO","article_modified_time":"2022-03-10T19:31:29+00:00","og_image":[{"width":1200,"height":628,"url":"https:\/\/finro.ro\/site\/wp-content\/uploads\/2022\/03\/FINRO-Featured-Image-1200x628-px.jpeg","type":"image\/jpeg"}],"twitter_card":"summary_large_image","twitter_misc":{"Est. reading time":"1 minute"},"schema":{"@context":"https:\/\/schema.org","@graph":[{"@type":"WebSite","@id":"https:\/\/finro.ro\/site\/#website","url":"https:\/\/finro.ro\/site\/","name":"FINRO","description":"An IT&amp;C Company since 1990","potentialAction":[{"@type":"SearchAction","target":{"@type":"EntryPoint","urlTemplate":"https:\/\/finro.ro\/site\/?s={search_term_string}"},"query-input":"required name=search_term_string"}],"inLanguage":"en-US"},{"@type":"ImageObject","@id":"https:\/\/finro.ro\/site\/despre-noi\/#primaryimage","inLanguage":"en-US","url":"https:\/\/finro.ro\/site\/wp-content\/uploads\/2022\/03\/FINRO-Featured-Image-1200x628-px.jpeg","contentUrl":"https:\/\/finro.ro\/site\/wp-content\/uploads\/2022\/03\/FINRO-Featured-Image-1200x628-px.jpeg","width":1200,"height":628},{"@type":"WebPage","@id":"https:\/\/finro.ro\/site\/despre-noi\/#webpage","url":"https:\/\/finro.ro\/site\/despre-noi\/","name":"Despre Noi - FINRO","isPartOf":{"@id":"https:\/\/finro.ro\/site\/#website"},"primaryImageOfPage":{"@id":"https:\/\/finro.ro\/site\/despre-noi\/#primaryimage"},"datePublished":"2022-03-10T17:28:14+00:00","dateModified":"2022-03-10T19:31:29+00:00","breadcrumb":{"@id":"https:\/\/finro.ro\/site\/despre-noi\/#breadcrumb"},"inLanguage":"en-US","potentialAction":[{"@type":"ReadAction","target":["https:\/\/finro.ro\/site\/despre-noi\/"]}]},{"@type":"BreadcrumbList","@id":"https:\/\/finro.ro\/site\/despre-noi\/#breadcrumb","itemListElement":[{"@type":"ListItem","position":1,"name":"Home","item":"https:\/\/finro.ro\/site\/"},{"@type":"ListItem","position":2,"name":"Despre Noi"}]}]}},"_links":{"self":[{"href":"https:\/\/finro.ro\/site\/wp-json\/wp\/v2\/pages\/6"}],"collection":[{"href":"https:\/\/finro.ro\/site\/wp-json\/wp\/v2\/pages"}],"about":[{"href":"https:\/\/finro.ro\/site\/wp-json\/wp\/v2\/types\/page"}],"author":[{"embeddable":true,"href":"https:\/\/finro.ro\/site\/wp-json\/wp\/v2\/users\/1"}],"replies":[{"embeddable":true,"href":"https:\/\/finro.ro\/site\/wp-json\/wp\/v2\/comments?post=6"}],"version-history":[{"count":3,"href":"https:\/\/finro.ro\/site\/wp-json\/wp\/v2\/pages\/6\/revisions"}],"predecessor-version":[{"id":1142,"href":"https:\/\/finro.ro\/site\/wp-json\/wp\/v2\/pages\/6\/revisions\/1142"}],"wp:featuredmedia":[{"embeddable":true,"href":"https:\/\/finro.ro\/site\/wp-json\/wp\/v2\/media\/7"}],"wp:attachment":[{"href":"https:\/\/finro.ro\/site\/wp-json\/wp\/v2\/media?parent=6"}],"curies":[{"name":"wp","href":"https:\/\/api.w.org\/{rel}","templated":true}]}}